{"id":28,"date":"2020-07-20T15:53:28","date_gmt":"2020-07-20T13:53:28","guid":{"rendered":"http:\/\/etsferreira.fr\/?page_id=28"},"modified":"2020-07-24T17:10:21","modified_gmt":"2020-07-24T15:10:21","slug":"lentreprise","status":"publish","type":"page","link":"https:\/\/etsferreira.fr\/index.php\/lentreprise\/","title":{"rendered":"L&rsquo;entreprise"},"content":{"rendered":"\t\t<div data-elementor-type=\"wp-page\" data-elementor-id=\"28\" class=\"elementor elementor-28\" data-elementor-settings=\"[]\">\n\t\t\t\t\t\t<div class=\"elementor-inner\">\n\t\t\t\t\t\t\t<div class=\"elementor-section-wrap\">\n\t\t\t\t\t\t\t<section class=\"elementor-section elementor-top-section elementor-element elementor-element-55c04a27 elementor-section-content-middle elementor-section-boxed elementor-section-height-default elementor-section-height-default\" data-id=\"55c04a27\" data-element_type=\"section\">\n\t\t\t\t\t\t<div class=\"elementor-container elementor-column-gap-no\">\n\t\t\t\t\t\t\t<div class=\"elementor-row\">\n\t\t\t\t\t<div class=\"elementor-column elementor-col-100 elementor-top-column elementor-element elementor-element-7f7c0a6f\" data-id=\"7f7c0a6f\" data-element_type=\"column\">\n\t\t\t<div class=\"elementor-column-wrap elementor-element-populated\">\n\t\t\t\t\t\t\t<div class=\"elementor-widget-wrap\">\n\t\t\t\t\t\t<div class=\"elementor-element elementor-element-66e69beb elementor-widget elementor-widget-heading\" data-id=\"66e69beb\" data-element_type=\"widget\" data-widget_type=\"heading.default\">\n\t\t\t\t<div class=\"elementor-widget-container\">\n\t\t\t<h5 class=\"elementor-heading-title elementor-size-default\">Depuis plus de 30 ans, <br>Ets FERREIRA est sp\u00e9cialis\u00e9 dans l'agencement de cuisine professionnelle et froid en Tarentaise.<\/h5>\t\t<\/div>\n\t\t\t\t<\/div>\n\t\t\t\t\t\t<\/div>\n\t\t\t\t\t<\/div>\n\t\t<\/div>\n\t\t\t\t\t\t\t\t<\/div>\n\t\t\t\t\t<\/div>\n\t\t<\/section>\n\t\t\t\t<section class=\"elementor-section elementor-top-section elementor-element elementor-element-3136f56f elementor-section-content-middle elementor-section-boxed elementor-section-height-default elementor-section-height-default elementor-invisible\" data-id=\"3136f56f\" data-element_type=\"section\" data-settings=\"{&quot;animation&quot;:&quot;fadeInLeft&quot;}\">\n\t\t\t\t\t\t<div class=\"elementor-container elementor-column-gap-no\">\n\t\t\t\t\t\t\t<div class=\"elementor-row\">\n\t\t\t\t\t<div class=\"elementor-column elementor-col-50 elementor-top-column elementor-element elementor-element-47e3254f\" data-id=\"47e3254f\" data-element_type=\"column\">\n\t\t\t<div class=\"elementor-column-wrap elementor-element-populated\">\n\t\t\t\t\t\t\t<div class=\"elementor-widget-wrap\">\n\t\t\t\t\t\t<div class=\"elementor-element elementor-element-2619ec40 elementor-widget elementor-widget-image\" data-id=\"2619ec40\" data-element_type=\"widget\" data-widget_type=\"image.default\">\n\t\t\t\t<div class=\"elementor-widget-container\">\n\t\t\t\t\t\t\t\t<div class=\"elementor-image\">\n\t\t\t\t\t\t\t\t\t\t\t\t<img width=\"7662\" height=\"3260\" src=\"https:\/\/etsferreira.fr\/wp-content\/uploads\/2020\/07\/photo-ferreira.jpg\" class=\"attachment-full size-full\" alt=\"\" loading=\"lazy\" srcset=\"https:\/\/etsferreira.fr\/wp-content\/uploads\/2020\/07\/photo-ferreira.jpg 7662w, https:\/\/etsferreira.fr\/wp-content\/uploads\/2020\/07\/photo-ferreira-300x128.jpg 300w, https:\/\/etsferreira.fr\/wp-content\/uploads\/2020\/07\/photo-ferreira-768x327.jpg 768w, https:\/\/etsferreira.fr\/wp-content\/uploads\/2020\/07\/photo-ferreira-1024x436.jpg 1024w\" sizes=\"(max-width: 7662px) 100vw, 7662px\" \/>\t\t\t\t\t\t\t\t\t\t\t\t\t\t<\/div>\n\t\t\t\t\t\t<\/div>\n\t\t\t\t<\/div>\n\t\t\t\t\t\t<\/div>\n\t\t\t\t\t<\/div>\n\t\t<\/div>\n\t\t\t\t<div class=\"elementor-column elementor-col-50 elementor-top-column elementor-element elementor-element-1ab8d87d\" data-id=\"1ab8d87d\" data-element_type=\"column\">\n\t\t\t<div class=\"elementor-column-wrap elementor-element-populated\">\n\t\t\t\t\t\t\t<div class=\"elementor-widget-wrap\">\n\t\t\t\t\t\t<div class=\"elementor-element elementor-element-7de39397 elementor-widget elementor-widget-heading\" data-id=\"7de39397\" data-element_type=\"widget\" data-widget_type=\"heading.default\">\n\t\t\t\t<div class=\"elementor-widget-container\">\n\t\t\t<h4 class=\"elementor-heading-title elementor-size-default\">A propos de nous<\/h4>\t\t<\/div>\n\t\t\t\t<\/div>\n\t\t\t\t<div class=\"elementor-element elementor-element-ef531c9 elementor-widget-divider--view-line elementor-widget elementor-widget-divider\" data-id=\"ef531c9\" data-element_type=\"widget\" data-widget_type=\"divider.default\">\n\t\t\t\t<div class=\"elementor-widget-container\">\n\t\t\t\t\t<div class=\"elementor-divider\">\n\t\t\t<span class=\"elementor-divider-separator\">\n\t\t\t\t\t\t<\/span>\n\t\t<\/div>\n\t\t\t\t<\/div>\n\t\t\t\t<\/div>\n\t\t\t\t<div class=\"elementor-element elementor-element-6fab3803 elementor-widget elementor-widget-text-editor\" data-id=\"6fab3803\" data-element_type=\"widget\" data-widget_type=\"text-editor.default\">\n\t\t\t\t<div class=\"elementor-widget-container\">\n\t\t\t\t\t\t\t\t<div class=\"elementor-text-editor elementor-clearfix\">\n\t\t\t\t<div><h3>\u00a0<\/h3><\/div><section><div><ul><li>\u00a0Plus de 300 clients qui nous font confiance.<\/li><li>Une dizaine de salari\u00e9s assure l&rsquo;activit\u00e9 de l&rsquo;entreprise.<\/li><li>4 000 m2 de locaux dans la Zone Artisanal de Petit-Coeur assurent notre base logistique.<\/li><li>\u00a0En 2009, Ets Ferreira devient un adh\u00e9rent du groupement des installateurs fran\u00e7ais (<span style=\"font-weight: bolder;\">GIF<\/span>), un r\u00e9el gage de qualit\u00e9 et de suret\u00e9.<\/li><\/ul><\/div><\/section>\t\t\t\t\t<\/div>\n\t\t\t\t\t\t<\/div>\n\t\t\t\t<\/div>\n\t\t\t\t\t\t<\/div>\n\t\t\t\t\t<\/div>\n\t\t<\/div>\n\t\t\t\t\t\t\t\t<\/div>\n\t\t\t\t\t<\/div>\n\t\t<\/section>\n\t\t\t\t<section class=\"elementor-section elementor-top-section elementor-element elementor-element-12d26e45 elementor-section-content-middle elementor-section-boxed elementor-section-height-default elementor-section-height-default elementor-invisible\" data-id=\"12d26e45\" data-element_type=\"section\" data-settings=\"{&quot;animation&quot;:&quot;fadeInRight&quot;}\">\n\t\t\t\t\t\t<div class=\"elementor-container elementor-column-gap-no\">\n\t\t\t\t\t\t\t<div class=\"elementor-row\">\n\t\t\t\t\t<div class=\"elementor-column elementor-col-50 elementor-top-column elementor-element elementor-element-5c21b7a2\" data-id=\"5c21b7a2\" data-element_type=\"column\">\n\t\t\t<div class=\"elementor-column-wrap elementor-element-populated\">\n\t\t\t\t\t\t\t<div class=\"elementor-widget-wrap\">\n\t\t\t\t\t\t<div class=\"elementor-element elementor-element-6123e8d4 elementor-widget elementor-widget-heading\" data-id=\"6123e8d4\" data-element_type=\"widget\" data-widget_type=\"heading.default\">\n\t\t\t\t<div class=\"elementor-widget-container\">\n\t\t\t<h4 class=\"elementor-heading-title elementor-size-default\">A propos du GIF<\/h4>\t\t<\/div>\n\t\t\t\t<\/div>\n\t\t\t\t<div class=\"elementor-element elementor-element-53b31e6 elementor-widget-divider--view-line elementor-widget elementor-widget-divider\" data-id=\"53b31e6\" data-element_type=\"widget\" data-widget_type=\"divider.default\">\n\t\t\t\t<div class=\"elementor-widget-container\">\n\t\t\t\t\t<div class=\"elementor-divider\">\n\t\t\t<span class=\"elementor-divider-separator\">\n\t\t\t\t\t\t<\/span>\n\t\t<\/div>\n\t\t\t\t<\/div>\n\t\t\t\t<\/div>\n\t\t\t\t<div class=\"elementor-element elementor-element-326c2c04 elementor-widget elementor-widget-text-editor\" data-id=\"326c2c04\" data-element_type=\"widget\" data-widget_type=\"text-editor.default\">\n\t\t\t\t<div class=\"elementor-widget-container\">\n\t\t\t\t\t\t\t\t<div class=\"elementor-text-editor elementor-clearfix\">\n\t\t\t\t<h4><strong>Leader europ\u00e9en en installation et maintenance de cuisines professionnelles.<\/strong><\/h4><p>Le GIF est un Groupement d&rsquo;Installateurs Fran\u00e7ais dont la sp\u00e9cificit\u00e9 est le savoir-faire en cuisine et froid professionnel.<\/p><p>Une cuisine professionnelle sur 4 en France est install\u00e9e et maintenue par le GIF. Pr\u00e9sent sur toute la France m\u00e9tropolitaine, une entreprise GIF est \u00e0 moins d\u20191 heure de chez vous.<\/p>\t\t\t\t\t<\/div>\n\t\t\t\t\t\t<\/div>\n\t\t\t\t<\/div>\n\t\t\t\t<div class=\"elementor-element elementor-element-01bb93f elementor-invisible elementor-widget elementor-widget-button\" data-id=\"01bb93f\" data-element_type=\"widget\" data-settings=\"{&quot;_animation&quot;:&quot;slideInDown&quot;}\" data-widget_type=\"button.default\">\n\t\t\t\t<div class=\"elementor-widget-container\">\n\t\t\t\t\t<div class=\"elementor-button-wrapper\">\n\t\t\t<a href=\"http:\/\/www.groupegif.com\/\" class=\"elementor-button-link elementor-button elementor-size-sm\" role=\"button\">\n\t\t\t\t\t\t<span class=\"elementor-button-content-wrapper\">\n\t\t\t\t\t\t<span class=\"elementor-button-text\">Pour plus d'informations sur le GIF<\/span>\n\t\t<\/span>\n\t\t\t\t\t<\/a>\n\t\t<\/div>\n\t\t\t\t<\/div>\n\t\t\t\t<\/div>\n\t\t\t\t\t\t<\/div>\n\t\t\t\t\t<\/div>\n\t\t<\/div>\n\t\t\t\t<div class=\"elementor-column elementor-col-50 elementor-top-column elementor-element elementor-element-53609694\" data-id=\"53609694\" data-element_type=\"column\">\n\t\t\t<div class=\"elementor-column-wrap elementor-element-populated\">\n\t\t\t\t\t\t\t<div class=\"elementor-widget-wrap\">\n\t\t\t\t\t\t<div class=\"elementor-element elementor-element-2d8262c elementor-widget elementor-widget-image\" data-id=\"2d8262c\" data-element_type=\"widget\" data-widget_type=\"image.default\">\n\t\t\t\t<div class=\"elementor-widget-container\">\n\t\t\t\t\t\t\t\t<div class=\"elementor-image\">\n\t\t\t\t\t\t\t\t\t\t\t\t<img width=\"280\" height=\"282\" src=\"https:\/\/etsferreira.fr\/wp-content\/uploads\/2020\/07\/GIF.bmp\" class=\"attachment-large size-large\" alt=\"\" loading=\"lazy\" srcset=\"https:\/\/etsferreira.fr\/wp-content\/uploads\/2020\/07\/GIF.bmp 280w, https:\/\/etsferreira.fr\/wp-content\/uploads\/2020\/07\/GIF-150x150.jpg 150w\" sizes=\"(max-width: 280px) 100vw, 280px\" \/>\t\t\t\t\t\t\t\t\t\t\t\t\t\t<\/div>\n\t\t\t\t\t\t<\/div>\n\t\t\t\t<\/div>\n\t\t\t\t\t\t<\/div>\n\t\t\t\t\t<\/div>\n\t\t<\/div>\n\t\t\t\t\t\t\t\t<\/div>\n\t\t\t\t\t<\/div>\n\t\t<\/section>\n\t\t\t\t<section class=\"elementor-section elementor-top-section elementor-element elementor-element-1f12fb78 elementor-section-content-middle elementor-section-boxed elementor-section-height-default elementor-section-height-default\" data-id=\"1f12fb78\" data-element_type=\"section\">\n\t\t\t\t\t\t<div class=\"elementor-container elementor-column-gap-no\">\n\t\t\t\t\t\t\t<div class=\"elementor-row\">\n\t\t\t\t\t<div class=\"elementor-column elementor-col-100 elementor-top-column elementor-element elementor-element-5b32bc28\" data-id=\"5b32bc28\" data-element_type=\"column\">\n\t\t\t<div class=\"elementor-column-wrap elementor-element-populated\">\n\t\t\t\t\t\t\t<div class=\"elementor-widget-wrap\">\n\t\t\t\t\t\t<div class=\"elementor-element elementor-element-57418962 elementor-widget elementor-widget-heading\" data-id=\"57418962\" data-element_type=\"widget\" data-widget_type=\"heading.default\">\n\t\t\t\t<div class=\"elementor-widget-container\">\n\t\t\t<h5 class=\"elementor-heading-title elementor-size-default\">Le GIF c'est : <\/h5>\t\t<\/div>\n\t\t\t\t<\/div>\n\t\t\t\t<div class=\"elementor-element elementor-element-fbc9779 elementor-widget-divider--view-line elementor-widget elementor-widget-divider\" data-id=\"fbc9779\" data-element_type=\"widget\" data-widget_type=\"divider.default\">\n\t\t\t\t<div class=\"elementor-widget-container\">\n\t\t\t\t\t<div class=\"elementor-divider\">\n\t\t\t<span class=\"elementor-divider-separator\">\n\t\t\t\t\t\t<\/span>\n\t\t<\/div>\n\t\t\t\t<\/div>\n\t\t\t\t<\/div>\n\t\t\t\t<section class=\"elementor-section elementor-inner-section elementor-element elementor-element-28a03135 elementor-section-boxed elementor-section-height-default elementor-section-height-default\" data-id=\"28a03135\" data-element_type=\"section\">\n\t\t\t\t\t\t<div class=\"elementor-container elementor-column-gap-default\">\n\t\t\t\t\t\t\t<div class=\"elementor-row\">\n\t\t\t\t\t<div class=\"elementor-column elementor-col-33 elementor-inner-column elementor-element elementor-element-1b86197a\" data-id=\"1b86197a\" data-element_type=\"column\">\n\t\t\t<div class=\"elementor-column-wrap elementor-element-populated\">\n\t\t\t\t\t\t\t<div class=\"elementor-widget-wrap\">\n\t\t\t\t\t\t<div class=\"elementor-element elementor-element-3f2d73e5 elementor-widget elementor-widget-counter\" data-id=\"3f2d73e5\" data-element_type=\"widget\" data-widget_type=\"counter.default\">\n\t\t\t\t<div class=\"elementor-widget-container\">\n\t\t\t\t\t<div class=\"elementor-counter\">\n\t\t\t<div class=\"elementor-counter-number-wrapper\">\n\t\t\t\t<span class=\"elementor-counter-number-prefix\"><\/span>\n\t\t\t\t<span class=\"elementor-counter-number\" data-duration=\"2000\" data-to-value=\"1050\" data-from-value=\"1\">1<\/span>\n\t\t\t\t<span class=\"elementor-counter-number-suffix\"><\/span>\n\t\t\t<\/div>\n\t\t\t\t\t<\/div>\n\t\t\t\t<\/div>\n\t\t\t\t<\/div>\n\t\t\t\t<div class=\"elementor-element elementor-element-6f0829b0 elementor-widget elementor-widget-text-editor\" data-id=\"6f0829b0\" data-element_type=\"widget\" data-widget_type=\"text-editor.default\">\n\t\t\t\t<div class=\"elementor-widget-container\">\n\t\t\t\t\t\t\t\t<div class=\"elementor-text-editor elementor-clearfix\">\n\t\t\t\t<p>Techniciens et commerciaux\u00a0<\/p>\t\t\t\t\t<\/div>\n\t\t\t\t\t\t<\/div>\n\t\t\t\t<\/div>\n\t\t\t\t\t\t<\/div>\n\t\t\t\t\t<\/div>\n\t\t<\/div>\n\t\t\t\t<div class=\"elementor-column elementor-col-33 elementor-inner-column elementor-element elementor-element-5e6ac205\" data-id=\"5e6ac205\" data-element_type=\"column\">\n\t\t\t<div class=\"elementor-column-wrap elementor-element-populated\">\n\t\t\t\t\t\t\t<div class=\"elementor-widget-wrap\">\n\t\t\t\t\t\t<div class=\"elementor-element elementor-element-5e70f7b9 elementor-widget elementor-widget-counter\" data-id=\"5e70f7b9\" data-element_type=\"widget\" data-widget_type=\"counter.default\">\n\t\t\t\t<div class=\"elementor-widget-container\">\n\t\t\t\t\t<div class=\"elementor-counter\">\n\t\t\t<div class=\"elementor-counter-number-wrapper\">\n\t\t\t\t<span class=\"elementor-counter-number-prefix\"><\/span>\n\t\t\t\t<span class=\"elementor-counter-number\" data-duration=\"2000\" data-to-value=\"80\" data-from-value=\"1\" data-delimiter=\",\">1<\/span>\n\t\t\t\t<span class=\"elementor-counter-number-suffix\"><\/span>\n\t\t\t<\/div>\n\t\t\t\t\t<\/div>\n\t\t\t\t<\/div>\n\t\t\t\t<\/div>\n\t\t\t\t<div class=\"elementor-element elementor-element-1538e23 elementor-widget elementor-widget-text-editor\" data-id=\"1538e23\" data-element_type=\"widget\" data-widget_type=\"text-editor.default\">\n\t\t\t\t<div class=\"elementor-widget-container\">\n\t\t\t\t\t\t\t\t<div class=\"elementor-text-editor elementor-clearfix\">\n\t\t\t\t<p>Adh\u00e9rents et 15 agences<\/p>\t\t\t\t\t<\/div>\n\t\t\t\t\t\t<\/div>\n\t\t\t\t<\/div>\n\t\t\t\t\t\t<\/div>\n\t\t\t\t\t<\/div>\n\t\t<\/div>\n\t\t\t\t<div class=\"elementor-column elementor-col-33 elementor-inner-column elementor-element elementor-element-75dc9a0d\" data-id=\"75dc9a0d\" data-element_type=\"column\">\n\t\t\t<div class=\"elementor-column-wrap elementor-element-populated\">\n\t\t\t\t\t\t\t<div class=\"elementor-widget-wrap\">\n\t\t\t\t\t\t<div class=\"elementor-element elementor-element-2403f21d elementor-widget elementor-widget-counter\" data-id=\"2403f21d\" data-element_type=\"widget\" data-widget_type=\"counter.default\">\n\t\t\t\t<div class=\"elementor-widget-container\">\n\t\t\t\t\t<div class=\"elementor-counter\">\n\t\t\t<div class=\"elementor-counter-number-wrapper\">\n\t\t\t\t<span class=\"elementor-counter-number-prefix\"><\/span>\n\t\t\t\t<span class=\"elementor-counter-number\" data-duration=\"2000\" data-to-value=\"168\" data-from-value=\"1\" data-delimiter=\",\">1<\/span>\n\t\t\t\t<span class=\"elementor-counter-number-suffix\"><\/span>\n\t\t\t<\/div>\n\t\t\t\t\t<\/div>\n\t\t\t\t<\/div>\n\t\t\t\t<\/div>\n\t\t\t\t<div class=\"elementor-element elementor-element-2f7b6e84 elementor-widget elementor-widget-text-editor\" data-id=\"2f7b6e84\" data-element_type=\"widget\" data-widget_type=\"text-editor.default\">\n\t\t\t\t<div class=\"elementor-widget-container\">\n\t\t\t\t\t\t\t\t<div class=\"elementor-text-editor elementor-clearfix\">\n\t\t\t\t<p>Fournisseurs<\/p>\t\t\t\t\t<\/div>\n\t\t\t\t\t\t<\/div>\n\t\t\t\t<\/div>\n\t\t\t\t\t\t<\/div>\n\t\t\t\t\t<\/div>\n\t\t<\/div>\n\t\t\t\t\t\t\t\t<\/div>\n\t\t\t\t\t<\/div>\n\t\t<\/section>\n\t\t\t\t\t\t<\/div>\n\t\t\t\t\t<\/div>\n\t\t<\/div>\n\t\t\t\t\t\t\t\t<\/div>\n\t\t\t\t\t<\/div>\n\t\t<\/section>\n\t\t\t\t<section class=\"elementor-section elementor-top-section elementor-element elementor-element-38306395 elementor-section-boxed elementor-section-height-default elementor-section-height-default\" data-id=\"38306395\" data-element_type=\"section\" data-settings=\"{&quot;background_background&quot;:&quot;classic&quot;}\">\n\t\t\t\t\t\t\t<div class=\"elementor-background-overlay\"><\/div>\n\t\t\t\t\t\t\t<div class=\"elementor-container elementor-column-gap-default\">\n\t\t\t\t\t\t\t<div class=\"elementor-row\">\n\t\t\t\t\t<div class=\"elementor-column elementor-col-100 elementor-top-column elementor-element elementor-element-437d7db7\" data-id=\"437d7db7\" data-element_type=\"column\">\n\t\t\t<div class=\"elementor-column-wrap elementor-element-populated\">\n\t\t\t\t\t\t\t<div class=\"elementor-widget-wrap\">\n\t\t\t\t\t\t<div class=\"elementor-element elementor-element-55ecfa95 elementor-widget elementor-widget-heading\" data-id=\"55ecfa95\" data-element_type=\"widget\" data-widget_type=\"heading.default\">\n\t\t\t\t<div class=\"elementor-widget-container\">\n\t\t\t<h2 class=\"elementor-heading-title elementor-size-small\">Pour plus d'information n'h\u00e9sitez pas \u00e0 nous appeler <\/h2>\t\t<\/div>\n\t\t\t\t<\/div>\n\t\t\t\t<div class=\"elementor-element elementor-element-5f5230d7 elementor-invisible elementor-widget elementor-widget-button\" data-id=\"5f5230d7\" data-element_type=\"widget\" data-settings=\"{&quot;_animation&quot;:&quot;fadeInUp&quot;}\" data-widget_type=\"button.default\">\n\t\t\t\t<div class=\"elementor-widget-container\">\n\t\t\t\t\t<div class=\"elementor-button-wrapper\">\n\t\t\t<a href=\"tel:+33479229540\" class=\"elementor-button-link elementor-button elementor-size-md elementor-animation-grow\" role=\"button\">\n\t\t\t\t\t\t<span class=\"elementor-button-content-wrapper\">\n\t\t\t\t\t\t<span class=\"elementor-button-icon elementor-align-icon-left\">\n\t\t\t\t<i aria-hidden=\"true\" class=\"fas fa-phone\"><\/i>\t\t\t<\/span>\n\t\t\t\t\t\t<span class=\"elementor-button-text\">04 79 22 95 40<\/span>\n\t\t<\/span>\n\t\t\t\t\t<\/a>\n\t\t<\/div>\n\t\t\t\t<\/div>\n\t\t\t\t<\/div>\n\t\t\t\t\t\t<\/div>\n\t\t\t\t\t<\/div>\n\t\t<\/div>\n\t\t\t\t\t\t\t\t<\/div>\n\t\t\t\t\t<\/div>\n\t\t<\/section>\n\t\t\t\t\t\t<\/div>\n\t\t\t\t\t\t<\/div>\n\t\t\t\t\t<\/div>\n\t\t","protected":false},"excerpt":{"rendered":"<p>Depuis plus de 30 ans, Ets FERREIRA est sp\u00e9cialis\u00e9 dans l&rsquo;agencement de cuisine professionnelle et froid en Tarentaise. A propos de nous \u00a0 \u00a0Plus de 300 clients qui nous font confiance. Une dizaine de salari\u00e9s assure l&rsquo;activit\u00e9 de l&rsquo;entreprise. 4 000 m2 de locaux dans la Zone Artisanal de Petit-Coeur assurent notre base logistique. \u00a0En [&hellip;]<\/p>\n","protected":false},"author":1,"featured_media":0,"parent":0,"menu_order":0,"comment_status":"closed","ping_status":"closed","template":"","meta":[],"yoast_head":"<!-- This site is optimized with the Yoast SEO plugin v18.1 - https:\/\/yoast.com\/wordpress\/plugins\/seo\/ -->\n<title>L&#039;entreprise - Ets FERREIRA<\/title>\n<meta name=\"robots\" content=\"index, follow, max-snippet:-1, max-image-preview:large, max-video-preview:-1\" \/>\n<link rel=\"canonical\" href=\"https:\/\/etsferreira.fr\/index.php\/lentreprise\/\" \/>\n<meta property=\"og:locale\" content=\"fr_FR\" \/>\n<meta property=\"og:type\" content=\"article\" \/>\n<meta property=\"og:title\" content=\"L&#039;entreprise - Ets FERREIRA\" \/>\n<meta property=\"og:description\" content=\"Depuis plus de 30 ans, Ets FERREIRA est sp\u00e9cialis\u00e9 dans l&rsquo;agencement de cuisine professionnelle et froid en Tarentaise. A propos de nous \u00a0 \u00a0Plus de 300 clients qui nous font confiance. Une dizaine de salari\u00e9s assure l&rsquo;activit\u00e9 de l&rsquo;entreprise. 4 000 m2 de locaux dans la Zone Artisanal de Petit-Coeur assurent notre base logistique. \u00a0En [&hellip;]\" \/>\n<meta property=\"og:url\" content=\"https:\/\/etsferreira.fr\/index.php\/lentreprise\/\" \/>\n<meta property=\"og:site_name\" content=\"Ets FERREIRA\" \/>\n<meta property=\"article:modified_time\" content=\"2020-07-24T15:10:21+00:00\" \/>\n<meta property=\"og:image\" content=\"http:\/\/etsferreira.fr\/wp-content\/uploads\/2020\/07\/photo-ferreira.jpg\" \/>\n<meta name=\"twitter:card\" content=\"summary_large_image\" \/>\n<meta name=\"twitter:label1\" content=\"Dur\u00e9e de lecture estim\u00e9e\" \/>\n\t<meta name=\"twitter:data1\" content=\"1 minute\" \/>\n<script type=\"application\/ld+json\" class=\"yoast-schema-graph\">{\"@context\":\"https:\/\/schema.org\",\"@graph\":[{\"@type\":\"WebSite\",\"@id\":\"https:\/\/etsferreira.fr\/#website\",\"url\":\"https:\/\/etsferreira.fr\/\",\"name\":\"Ets FERREIRA\",\"description\":\"Agencement cuisine professionelle et froid\",\"potentialAction\":[{\"@type\":\"SearchAction\",\"target\":{\"@type\":\"EntryPoint\",\"urlTemplate\":\"https:\/\/etsferreira.fr\/?s={search_term_string}\"},\"query-input\":\"required name=search_term_string\"}],\"inLanguage\":\"fr-FR\"},{\"@type\":\"ImageObject\",\"@id\":\"https:\/\/etsferreira.fr\/index.php\/lentreprise\/#primaryimage\",\"inLanguage\":\"fr-FR\",\"url\":\"http:\/\/etsferreira.fr\/wp-content\/uploads\/2020\/07\/photo-ferreira.jpg\",\"contentUrl\":\"http:\/\/etsferreira.fr\/wp-content\/uploads\/2020\/07\/photo-ferreira.jpg\"},{\"@type\":\"WebPage\",\"@id\":\"https:\/\/etsferreira.fr\/index.php\/lentreprise\/#webpage\",\"url\":\"https:\/\/etsferreira.fr\/index.php\/lentreprise\/\",\"name\":\"L'entreprise - Ets FERREIRA\",\"isPartOf\":{\"@id\":\"https:\/\/etsferreira.fr\/#website\"},\"primaryImageOfPage\":{\"@id\":\"https:\/\/etsferreira.fr\/index.php\/lentreprise\/#primaryimage\"},\"datePublished\":\"2020-07-20T13:53:28+00:00\",\"dateModified\":\"2020-07-24T15:10:21+00:00\",\"breadcrumb\":{\"@id\":\"https:\/\/etsferreira.fr\/index.php\/lentreprise\/#breadcrumb\"},\"inLanguage\":\"fr-FR\",\"potentialAction\":[{\"@type\":\"ReadAction\",\"target\":[\"https:\/\/etsferreira.fr\/index.php\/lentreprise\/\"]}]},{\"@type\":\"BreadcrumbList\",\"@id\":\"https:\/\/etsferreira.fr\/index.php\/lentreprise\/#breadcrumb\",\"itemListElement\":[{\"@type\":\"ListItem\",\"position\":1,\"name\":\"Accueil\",\"item\":\"https:\/\/etsferreira.fr\/\"},{\"@type\":\"ListItem\",\"position\":2,\"name\":\"L&rsquo;entreprise\"}]}]}<\/script>\n<!-- \/ Yoast SEO plugin. -->","yoast_head_json":{"title":"L'entreprise - Ets FERREIRA","robots":{"index":"index","follow":"follow","max-snippet":"max-snippet:-1","max-image-preview":"max-image-preview:large","max-video-preview":"max-video-preview:-1"},"canonical":"https:\/\/etsferreira.fr\/index.php\/lentreprise\/","og_locale":"fr_FR","og_type":"article","og_title":"L'entreprise - Ets FERREIRA","og_description":"Depuis plus de 30 ans, Ets FERREIRA est sp\u00e9cialis\u00e9 dans l&rsquo;agencement de cuisine professionnelle et froid en Tarentaise. A propos de nous \u00a0 \u00a0Plus de 300 clients qui nous font confiance. Une dizaine de salari\u00e9s assure l&rsquo;activit\u00e9 de l&rsquo;entreprise. 4 000 m2 de locaux dans la Zone Artisanal de Petit-Coeur assurent notre base logistique. \u00a0En [&hellip;]","og_url":"https:\/\/etsferreira.fr\/index.php\/lentreprise\/","og_site_name":"Ets FERREIRA","article_modified_time":"2020-07-24T15:10:21+00:00","og_image":[{"url":"http:\/\/etsferreira.fr\/wp-content\/uploads\/2020\/07\/photo-ferreira.jpg"}],"twitter_card":"summary_large_image","twitter_misc":{"Dur\u00e9e de lecture estim\u00e9e":"1 minute"},"schema":{"@context":"https:\/\/schema.org","@graph":[{"@type":"WebSite","@id":"https:\/\/etsferreira.fr\/#website","url":"https:\/\/etsferreira.fr\/","name":"Ets FERREIRA","description":"Agencement cuisine professionelle et froid","potentialAction":[{"@type":"SearchAction","target":{"@type":"EntryPoint","urlTemplate":"https:\/\/etsferreira.fr\/?s={search_term_string}"},"query-input":"required name=search_term_string"}],"inLanguage":"fr-FR"},{"@type":"ImageObject","@id":"https:\/\/etsferreira.fr\/index.php\/lentreprise\/#primaryimage","inLanguage":"fr-FR","url":"http:\/\/etsferreira.fr\/wp-content\/uploads\/2020\/07\/photo-ferreira.jpg","contentUrl":"http:\/\/etsferreira.fr\/wp-content\/uploads\/2020\/07\/photo-ferreira.jpg"},{"@type":"WebPage","@id":"https:\/\/etsferreira.fr\/index.php\/lentreprise\/#webpage","url":"https:\/\/etsferreira.fr\/index.php\/lentreprise\/","name":"L'entreprise - Ets FERREIRA","isPartOf":{"@id":"https:\/\/etsferreira.fr\/#website"},"primaryImageOfPage":{"@id":"https:\/\/etsferreira.fr\/index.php\/lentreprise\/#primaryimage"},"datePublished":"2020-07-20T13:53:28+00:00","dateModified":"2020-07-24T15:10:21+00:00","breadcrumb":{"@id":"https:\/\/etsferreira.fr\/index.php\/lentreprise\/#breadcrumb"},"inLanguage":"fr-FR","potentialAction":[{"@type":"ReadAction","target":["https:\/\/etsferreira.fr\/index.php\/lentreprise\/"]}]},{"@type":"BreadcrumbList","@id":"https:\/\/etsferreira.fr\/index.php\/lentreprise\/#breadcrumb","itemListElement":[{"@type":"ListItem","position":1,"name":"Accueil","item":"https:\/\/etsferreira.fr\/"},{"@type":"ListItem","position":2,"name":"L&rsquo;entreprise"}]}]}},"_links":{"self":[{"href":"https:\/\/etsferreira.fr\/index.php\/wp-json\/wp\/v2\/pages\/28"}],"collection":[{"href":"https:\/\/etsferreira.fr\/index.php\/wp-json\/wp\/v2\/pages"}],"about":[{"href":"https:\/\/etsferreira.fr\/index.php\/wp-json\/wp\/v2\/types\/page"}],"author":[{"embeddable":true,"href":"https:\/\/etsferreira.fr\/index.php\/wp-json\/wp\/v2\/users\/1"}],"replies":[{"embeddable":true,"href":"https:\/\/etsferreira.fr\/index.php\/wp-json\/wp\/v2\/comments?post=28"}],"version-history":[{"count":37,"href":"https:\/\/etsferreira.fr\/index.php\/wp-json\/wp\/v2\/pages\/28\/revisions"}],"predecessor-version":[{"id":489,"href":"https:\/\/etsferreira.fr\/index.php\/wp-json\/wp\/v2\/pages\/28\/revisions\/489"}],"wp:attachment":[{"href":"https:\/\/etsferreira.fr\/index.php\/wp-json\/wp\/v2\/media?parent=28"}],"curies":[{"name":"wp","href":"https:\/\/api.w.org\/{rel}","templated":true}]}}